{"id":71,"date":"2014-08-25T13:13:17","date_gmt":"2014-08-25T11:13:17","guid":{"rendered":"http:\/\/codeinbarrels.net\/fz\/projekt-blog\/?page_id=71"},"modified":"2014-10-02T20:44:37","modified_gmt":"2014-10-02T18:44:37","slug":"situation-im-hsk","status":"publish","type":"page","link":"https:\/\/www.frauenberatung-anwendungen.de\/projekt-blog\/situation-im-hsk\/","title":{"rendered":"Situation im HSK"},"content":{"rendered":"<p>&nbsp;<\/p>\n<p style=\"margin-bottom: 0cm\">Der Hochsauerlandkreis ist ein sehr gro\u00dfer Fl\u00e4chenkreis.\u00a0 Die Ausdehnung betr\u00e4gt von Westen nach Osten 100 km und von Norden nach S\u00fcden 60 km. Die 12 St\u00e4dte des HSK liegen weit auseinander, die dazugeh\u00f6renden Gemeinden sind oft sehr abgelegen.<\/p>\n<p style=\"margin-bottom: 0cm\">Viele Ortschaften sind mit \u00f6ffentlichen Verkehrsmitteln nur sehr selten und mit gro\u00dfem zeitlichen Aufwand erreichbar.<\/p>\n<p style=\"margin-bottom: 0cm\">Die Einrichtungen der Behindertenhilfe sind in unterschiedlicher, \u00fcberwiegend kirchlicher Tr\u00e4gerschaft und liegen zum Teil weit voneinander entfernt.<\/p>\n<p style=\"margin-bottom: 0cm\">Es gibt nur in wenigen St\u00e4dten Beratungsstellen und niedergelassene Therapeut_innen. Die Wartezeiten auf einen Therapieplatz sind sehr lang.\u00a0 Viele Beratungsstellen &#8211; leider auch die Frauenberatungsstelle in Meschede &#8211; sind nicht barrierefrei. Die Hilfsangebote sind in den Einrichtungen der Behindertenhilfe nicht \u00fcberall bekannt. Oft ben\u00f6tigen behinderte Menschen Hilfe, um Beratungsstellen und andere Hilfsm\u00f6glichkeiten zu erreichen.<\/p>\n","protected":false},"excerpt":{"rendered":"<p>&nbsp; Der Hochsauerlandkreis ist ein sehr gro\u00dfer Fl\u00e4chenkreis.\u00a0 Die Ausdehnung betr\u00e4gt von Westen nach Osten 100 km und von Norden nach S\u00fcden 60 km. Die 12 St\u00e4dte des HSK liegen weit auseinander, die dazugeh\u00f6renden Gemeinden sind oft sehr abgelegen. Viele Ortschaften sind mit \u00f6ffentlichen Verkehrsmitteln nur sehr selten und mit gro\u00dfem zeitlichen Aufwand erreichbar. Die &hellip; <a href=\"https:\/\/www.frauenberatung-anwendungen.de\/projekt-blog\/situation-im-hsk\/\" class=\"more-link\"><span class=\"screen-reader-text\">Situation im HSK<\/span> weiterlesen <span class=\"meta-nav\">&rarr;<\/span><\/a><\/p>\n","protected":false},"author":6,"featured_media":0,"parent":0,"menu_order":0,"comment_status":"closed","ping_status":"closed","template":"","meta":{"footnotes":""},"class_list":["post-71","page","type-page","status-publish","hentry"],"_links":{"self":[{"href":"https:\/\/www.frauenberatung-anwendungen.de\/projekt-blog\/wp-json\/wp\/v2\/pages\/71","targetHints":{"allow":["GET"]}}],"collection":[{"href":"https:\/\/www.frauenberatung-anwendungen.de\/projekt-blog\/wp-json\/wp\/v2\/pages"}],"about":[{"href":"https:\/\/www.frauenberatung-anwendungen.de\/projekt-blog\/wp-json\/wp\/v2\/types\/page"}],"author":[{"embeddable":true,"href":"https:\/\/www.frauenberatung-anwendungen.de\/projekt-blog\/wp-json\/wp\/v2\/users\/6"}],"replies":[{"embeddable":true,"href":"https:\/\/www.frauenberatung-anwendungen.de\/projekt-blog\/wp-json\/wp\/v2\/comments?post=71"}],"version-history":[{"count":11,"href":"https:\/\/www.frauenberatung-anwendungen.de\/projekt-blog\/wp-json\/wp\/v2\/pages\/71\/revisions"}],"predecessor-version":[{"id":190,"href":"https:\/\/www.frauenberatung-anwendungen.de\/projekt-blog\/wp-json\/wp\/v2\/pages\/71\/revisions\/190"}],"wp:attachment":[{"href":"https:\/\/www.frauenberatung-anwendungen.de\/projekt-blog\/wp-json\/wp\/v2\/media?parent=71"}],"curies":[{"name":"wp","href":"https:\/\/api.w.org\/{rel}","templated":true}]}}